 = q - 58. What is the tens digit of m?
2
Let m = -170 + 677. What is the hundreds digit of m?
5
Let y be (26/(-12))/((-1)/6). Suppose y*v = -9*v + 3124. What is the units digit of v?
2
Let r = 17 - 12. Suppose 0*w - 2*w = -r*y + 44, 3*w + y + 66 = 0. Let g = -3 - w. What is the units digit of g?
9
Let d be -3 - 5/((-20)/36). Let k be 0 - 6/(-9)*d. Suppose k*r - 35 = 21. What is the units digit of r?
4
Suppose -3*x + 174 = -3*d - 195, -5*d = 0. Let b = x - 44. What is the units digit of b?
9
Let n = -9 + 34. Suppose 7*a = -398 + 125. Let z = n - a. What is the tens digit of z?
6
Suppose 15 = 4*t + t + i, -2*t = -5*i + 21. Suppose -13 + 1 = -3*z, -y = -2*z + t. Let c = y - -11. What is the tens digit of c?
1
Let a(q) = -q**2 + 3. Let m be a(6). Let t = 119 + m. Let c = t - 58. What is the units digit of c?
8
Suppose -181 = -2*a + 61. Let z = -77 + a. Suppose -5*v - 5*b + 86 = -3*b, -z = -3*v - 5*b. What is the tens digit of v?
1
Let c = -331 - -983. What is the tens digit of c?
5
Suppose -2*d + 497 + 615 = 0. What is the tens digit of d?
5
Let k be (-2)/(((-276)/(-70) - 3) + -1). Let a(i) = -i + 4. Let u be a(-6). Suppose 15*j - k = u*j. What is the units digit of j?
7
Let d be (-2)/(-6) + 24/9. Suppose 7*l = d*l + 1824. What is the units digit of l/30 - 1/5?
5
Let l(p) = -p**3 - 4*p**2 + 7*p + 7. Let o be l(-5). Let f = o + 11. Let g = 9 - f. What is the units digit of g?
1
Suppose -m = -2*g + 573, -26*g + 574 = -24*g - 2*m. What is the hundreds digit of g?
2
Let y = 2 - 0. Suppose 3*q = 2*x - 4, 0 = -q + 5*x - y*x + 1. What is the units digit of (-4)/(-8) - 19/q?
0
Suppose -c + 4*p = 3*p + 3, 0 = 5*c + 3*p + 31. Let r = c + 9. Suppose -r*n = g - 255, 4*g + 4 = -0. What is the units digit of n?
4
Suppose 2*t + 26 + 20 = 0. Let u = -19 - t. Suppose -u*b + 2*c + 199 = 7, -5*c - 88 = -2*b. What is the units digit of b?
9
Suppose -4*w = -4*x - 16, 5*w + 3*x - 22 - 14 = 0. Let m(y) = 2 + 3*y + 2*y - w*y. What is the units digit of m(0)?
2
Suppose 7 + 1 = 4*g. Suppose g*x + 858 = 4*k, 0 = -5*k - 2*x + 68 + 1027. What is the hundreds digit of k?
2
Let s(z) = 2*z**2 + 3*z - 3. Let w be s(1). Suppose 5*l - 113 = -3*g, -9 = w*l - 3*g - 50. What is the units digit of l?
2
Suppose -5*k + 10*k - 80 = 0. Let p = k - -39. What is the units digit of p?
5
Let m(o) be the second derivative of o**4/6 - 5*o**3/6 + 19*o**2/2 - 21*o. What is the tens digit of m(-10)?
6
Suppose 30*y + 618 = 32*y. What is the tens digit of y?
0
Suppose 4*t + 2*j = -8, 9*t + j = 13*t + 20. What is the units digit of (-1370)/t - 1 - 18/36?
1
Let r = -30 + 32. What is the units digit of -2 - (3 + r*-31)?
7
Let h(n) be the second derivative of n**4/12 + n**3/6 - 2*n**2 + 6*n. Let b(w) = -w**2 - 2*w + 9. Let j(k) = 2*b(k) + 5*h(k). What is the tens digit of j(-3)?
2
Let u be 1*12 + 2 + 2 + -1. Suppose -10*i = -u*i + 470. What is the units digit of i?
4
Suppose -1113 = -3*i + 2*w + 2*w, 2*i = -3*w + 725. What is the hundreds digit of i?
3
Suppose 39 = 7*h - 80. What is the tens digit of h?
1
Let a = -8 - -2. Let h = a - -47. Suppose 4*u + q - 197 = -h, 78 = 2*u - 5*q. What is the units digit of u?
9
Let g(n) = -48*n + 43 + 13*n + 21*n + 17*n. What is the units digit of g(-13)?
4
Suppose -19*k + 24 = -14. Suppose -11*a + k*a + 1485 = 0. What is the hundreds digit of a?
1
Let y(l) = -220*l - 10. What is the tens digit of y(-2)?
3
Suppose 3 = -4*o + 23. Let f = -82 - -84. Suppose -f*i - 181 + 55 = -o*b, 4*b = 4*i + 108. What is the tens digit of b?
2
Let h(t) = 3*t**3 + t**2 - t. Let p be h(1). What is the tens digit of 4 + (1 - -18 - p)?
2
Let f = 55 + -57. What is the tens digit of (2 + -1 - 12)*(-3 + f)?
5
Let x(v) = -2*v**3 + 33*v**2 + 9*v + 29. What is the hundreds digit of x(16)?
4
Let h(t) = -3*t + 6*t**2 - 22*t**2 + t**3 + 14*t**2 + 9*t**2 + 1. What is the tens digit of h(-5)?
6
Suppose 125*r = 136*r - 8349. What is the hundreds digit of r?
7
Suppose -2*k = 4, -32*p - k = -27*p - 3613. What is the hundreds digit of p?
7
Let v(p) = -13 + 19*p + p**2 - 2*p + 3. What is the units digit of v(-19)?
8
Suppose -3*u + 3*r - 10 = -r, 2*u + 12 = 4*r. Suppose 4*i + 2*q - 138 = 0, -u*i + 68 = -q + 5. What is the units digit of (-1)/(2 + i/(-15))?
5
Suppose 0 = -3*y + 5*p - 92, 2*y - 13 + 85 = -2*p. What is the units digit of (-14)/(-7)*(-2 - y)?
4
Suppose 5*r = p + 31, 0 = -2*r + 6 + 2. Let l(m) = -m**2 - 15*m - 17. What is the units digit of l(p)?
7
Let q(m) = 2*m**3 + 3*m**2 - 3*m. Let n be q(-3). Let z(w) = -2*w**2 - 5*w + 8. Let l be z(5). Let d = n - l. What is the units digit of d?
9
Suppose 5*m = 2*v + 71, -4*v - 41 = -3*m - 4. Suppose -19*y = -m*y - 100. Suppose -5 = -z + y. What is the tens digit of z?
3
Let m be ((-916)/(-4))/(1 + 0). Let a = -96 + m. What is the tens digit of a?
3
Suppose 3*g - 5*k = 80, k - 84 = -5*g + 68. Let n = -24 + 28. Suppose 0 = -p - i + 15, -n*i - g = -2*p. What is the units digit of p?
5
Let k(t) = 10*t**2 - 2*t + 24. What is the tens digit of k(8)?
4
Let u(c) = 231*c**3 + c**2 + 5*c - 6. What is the tens digit of u(1)?
3
Let c = -35 + 20. Let q(l) = l**3 + 15*l**2 - 5*l - 31. What is the tens digit of q(c)?
4
Suppose -59 = 3*q - 11. Let c = q - -19. Suppose 0 = -2*o + 4*g - 6, -5*g = -3*o - o - c. What is the units digit of o?
3
Let q(n) = 17*n - 2 - 4 + 2. Let o be q(2). What is the units digit of ((-102)/o)/(3/(-15))?
7
Let v = 20 - 74. Let w = v - -173. What is the hundreds digit of w?
1
Let a = 100 + -93. Let p(j) = 16*j - 27. What is the units digit of p(a)?
5
Let h(l) = 11*l - 16. Let q be h(6). Suppose 227 = 3*f + q. What is the tens digit of f?
5
Suppose -6*b = 12*b - 38772. What is the tens digit of b?
5
Suppose 3*h - 1220 = -332. Suppose 6*z - h = -2*z. What is the units digit of z?
7
Let u(o) = -2*o**2 - 6*o - 3. Let t be u(-3). Let n be t*(-1 + 0 + 0). Suppose -c + 4 = 2, -3*c - 51 = -n*i. What is the units digit of i?
9
Let y = -11 + 11. Suppose 5*s - 428 = -y*t + 4*t, 2*s - 174 = 3*t. What is the units digit of s?
4
Suppose 5*s = -q + 151 + 428, -4*q + 2*s = -2272. What is the units digit of q?
9
Let m(b) be the first derivative of 2*b**3/3 + b**2 - 4. Let h be m(-2). What is the units digit of (46/h)/((-3)/(-6))?
3
Suppose 3*b - 4 = 11. Suppose b*f - 181 = -3*w, w + 3*f - 8*f = 47. Let k = w + -39. What is the tens digit of k?
1
Let j be (-2)/5 + (-13)/5. Let z(p) be the second derivative of -11*p**3/6 - 2*p**2 - 5*p. What is the units digit of z(j)?
9
Let t be (-12)/(3 - 6) - -7. Suppose 5*r - t*r + 30 = 0. Suppose -r*b + 158 = -3*p, -4*b + 0 + 128 = -2*p. What is the tens digit of b?
3
Let w = 5022 + -3038. What is the units digit of w?
4
What is the units digit of (-1887)/(-6) + 1*2/(-4)?
4
Let p(w) = 2*w + 33*w**2 - 43*w**2 + 2 + 1. Let d be p(-3). What is the tens digit of (d/(-12))/(4/16)?
3
Suppose -11 = -2*w + 99. What is the tens digit of w?
5
Suppose 2*d + 4*o - 354 = 0, 4*d + 4*o - 722 = 3*o. Let i = d - 104. Let y = i - 53. What is the units digit of y?
4
Suppose 18*d - 16307 = 20665. What is the units digit of d?
4
Suppose 3*t = -g + 665, 1977 = 3*g + 11*t - 8*t. What is the hundreds digit of g?
6
Suppose 5*w - 8 = -2*s, -6 = -s + 4*w - 2. Suppose 0 = -s*z + 3*c + 531 - 18, 5*z + 2*c - 647 = 0. What is the hundreds digit of z?
1
Let i = -655 - -1230. What is the units digit of 2/16 - i/(-8)?
2
What is the units digit of 0 + 28/(-7) - -57?
3
Let u(l) = 218*l - 45. What is the units digit of u(5)?
5
What is the tens digit of 4237/38*(-2)/(-1)?
2
Suppose 4*z + 2*u - 11100 = 0, -5*z + 17*u - 14*u + 13853 = 0. What is the tens digit of z?
7
Let d(f) = -f**2 + 7*f - 3. Let r be d(7). Let q(m) = -20*m**2 - 6*m. Let i(h) = -7*h**2 - 2*h. Let z(k) = 17*i(k) - 6*q(k). What is the units digit of z(r)?
3
Let v(x) = 0*x + x + 4*x**2 + x**3 + 12 - 14*x**2 + x. Let h be v(10). Suppose -z + 2*z = h. What is the tens digit of z?
3
Let m = 23 + -25. Let w(n) = -5*n - 3. What is the units digit of w(m)?
7
Let x(y) = 143*y - 2. Let k be x(1). Suppose 237 + k = 9*s. What is the units digit of s?
2
Let n(a) = a**2 + 2*a - 6. What is the units digit of n(-7)?
9
Let r(s) = s**2 + s + 19. Let b be (-5)/5 + 1 + 0. What is the tens digit of r(b)?
1
Suppose -2*b + 4*b + 8 = 0. Let i be (-1)/(b - 139/(-35)). Suppose 20 = j - i. What is the tens digit of 